 prime factors of 138387445?
5, 7, 3953927
What are the prime factors of 71441414?
2, 11, 3247337
What are the prime factors of 889339090?
2, 5, 127, 307, 2281
What are the prime factors of 270007260?
2, 3, 5, 17, 97, 2729
List the prime factors of 503847806.
2, 7, 11, 107, 30577
What are the prime factors of 130360038?
2, 3, 139, 156307
List the prime factors of 55146131.
55146131
List the prime factors of 7820321.
7820321
What are the prime factors of 456626295?
3, 5, 103, 32839
What are the prime factors of 40556799?
3, 4506311
What are the prime factors of 217808579?
217808579
List the prime factors of 135509297.
7, 11, 43, 40927
What are the prime factors of 2328974?
2, 271, 4297
What are the prime factors of 615989632?
2, 4812419
List the prime factors of 457786079.
1151, 397729
List the prime factors of 11455330.
2, 5, 1145533
List the prime factors of 85834274.
2, 42917137
What are the prime factors of 331293250?
2, 5, 1325173
What are the prime factors of 108245520?
2, 3, 5, 149, 1009
List the prime factors of 37222909.
31, 1200739
What are the prime factors of 43038347?
11, 131, 29867
What are the prime factors of 323438566?
2, 11, 17, 29, 2711
List the prime factors of 1142798002.
2, 41, 347, 40163
What are the prime factors of 204481017?
3, 13, 23, 8443
What are the prime factors of 128330497?
6173, 20789
What are the prime factors of 7969887089?
7309, 1090421
What are the prime factors of 1893486135?
3, 5, 19, 6643811
List the prime factors of 5869974140.
2, 5, 83, 3536129
List the prime factors of 106054623.
3, 1783, 2203
List the prime factors of 1285953963.
3, 7, 61235903
List the prime factors of 5000166871.
7, 17, 42018209
List the prime factors of 11016038.
2, 11, 500729
List the prime factors of 621169248.
2, 3, 7, 924359
List the prime factors of 339766068.
2, 3, 463, 61153
List the prime factors of 148273219.
148273219
What are the prime factors of 1094589712?
2, 59, 1159523
What are the prime factors of 73647632?
2, 4602977
What are the prime factors of 59286844?
2, 109, 135979
What are the prime factors of 552379266?
2, 3, 17, 31, 58231
What are the prime factors of 160104421?
107, 523, 2861
List the prime factors of 125340485.
5, 41, 43, 59, 241
List the prime factors of 8042264034.
2, 3, 7, 61, 1487, 2111
What are the prime factors of 366724003?
11777, 31139
List the prime factors of 15193103.
19, 799637
What are the prime factors of 2825349398?
2, 67, 21084697
List the prime factors of 538170428.
2, 17, 41, 193031
List the prime factors of 29068690.
2, 5, 7, 107, 3881
List the prime factors of 941655525.
3, 5, 3181, 3947
List the prime factors of 84989763.
3, 1123, 2803
What are the prime factors of 80318465?
5, 16063693
List the prime factors of 392688733.
37, 653, 16253
What are the prime factors of 476421064?
2, 7, 479, 17761
List the prime factors of 2385980813.
31, 233, 330331
List the prime factors of 54691224.
2, 3, 7, 325543
List the prime factors of 626117967.
3, 173, 402131
What are the prime factors of 2709915838?
2, 7, 17, 11386201
What are the prime factors of 281350261?
281350261
List the prime factors of 1549990746.
2, 3, 23, 467, 8017
What are the prime factors of 97672602?
2, 3, 16278767
List the prime factors of 141991690.
2, 5, 197, 72077
What are the prime factors of 27041220?
2, 3, 5, 17, 8837
What are the prime factors of 233693589?
3, 53, 71, 127, 163
List the prime factors of 434018674.
2, 217009337
What are the prime factors of 44257234?
2, 7, 43, 73517
What are the prime factors of 1505195533?
13177, 114229
List the prime factors of 3447521689.
43, 59, 61, 22277
What are the prime factors of 23894824?
2, 523, 5711
What are the prime factors of 1239559793?
1239559793
What are the prime factors of 162944142?
2, 3, 277, 98041
What are the prime factors of 797104708?
2, 12739, 15643
List the prime factors of 104959465.
5, 13, 23, 70207
What are the prime factors of 974221807?
13, 74940139
What are the prime factors of 4023968166?
2, 3, 953, 78193
What are the prime factors of 395561332?
2, 61, 1621153
List the prime factors of 187598932.
2, 19, 311, 7937
What are the prime factors of 1282993409?
59, 21745651
What are the prime factors of 1955589201?
3, 217287689
What are the prime factors of 240717962?
2, 199, 604819
List the prime factors of 4592834854.
2, 89, 137, 331, 569
What are the prime factors of 144723332?
2, 13, 1091, 2551
List the prime factors of 784634705.
5, 156926941
What are the prime factors of 1189547204?
2, 181, 1643021
List the prime factors of 41568410.
2, 5, 13, 319757
What are the prime factors of 44582623?
79, 103, 5479
List the prime factors of 587844091.
587844091
List the prime factors of 245890914.
2, 3, 40981819
What are the prime factors of 85760984?
2, 19, 59, 73, 131
What are the prime factors of 3153742816?
2, 7, 19, 741011
List the prime factors of 2434443.
3, 11, 73771
List the prime factors of 573938203.
61, 154243
What are the prime factors of 4023922836?
2, 3, 103, 3255601
What are the prime factors of 356152845?
3, 5, 53, 447991
List the prime factors of 37616199.
3, 61, 205553
List the prime factors of 2022762277.
2022762277
List the prime factors of 545692384.
2, 17, 1003111
List the prime factors of 443818857.
3, 2099, 70481
What are the prime factors of 3916766288?
2, 2111, 115963
List the prime factors of 1040395314.
2, 3, 7, 24771317
List the prime factors of 2120704.
2, 19, 109
List the prime factors of 451163804.
2, 7, 13, 1239461
What are the prime factors of 19329615?
3, 5, 429547
What are the prime factors of 37839609?
3, 467, 3001
List the prime factors of 11180809.
11180809
List the prime factors of 1448030.
2, 5, 89, 1627
List the prime factors of 70489391.
7, 653, 2203
What are the prime factors of 3975690908?
2, 7, 53, 2679037
List the prime factors of 21953889.
3, 813107
What are the prime factors of 4967771711?
7, 19, 107, 349081
What are the prime factors of 146248635?
3, 5, 13, 749993
What are the prime factors of 1106337137?
1609, 687593
List the prime factors of 30334264.
2, 43, 109, 809
List the prime factors of 1876366824.
2, 3, 78181951
What are the prime factors of 104351800?
2, 5, 7, 19, 3923
List the prime factors of 4379674555.
5, 17, 47, 1096289
What are the prime factors of 3472898763?
3, 1157632921
What are the prime factors of 118452552?
2, 3, 4935523
List the prime factors of 5643813657.
3, 131, 14360849
List the prime factors of 217025063.
101, 1289, 1667
What are the prime factors of 226697816?
2, 19, 37, 173, 233
List the prime factors of 7381336.
2, 922667
What are the prime factors of 1241005369?
4243, 292483
List the prime factors of 106690696.
2, 7, 53, 103, 349
List the prime factors of 45386713.
41, 1106993
What are the prime factors of 1498779410?
2, 5, 149877941
List the prime factors of 4510485.
3, 5, 7, 37, 43
List the prime factors of 3609019097.
17, 212295241
List the prime factors of 46221421.
23, 163, 12329
What are the prime factors of 117273183?
3, 39091061
What are the prime factors of 53895509?
23, 2343283
What are the prime factors of 15852805?
5, 509, 6229
What are the prime factors of 2137815995?
5, 7, 101, 383, 1579
List the prime factors of 3587178218.
2, 13, 3517, 39229
List the prime factors of 2104769798.
2, 1052384899
What are the prime factors of 352155808?
2, 11004869
List the prime factors of 1312359685.
5, 7, 13, 233, 12379
What are the prime factors of 383615111?
11, 19, 31, 59209
What are the prime factors of 65790200?
2, 5, 7, 46993
List the prime factors of 2181272112.
2, 3, 5049241
List the prime factors of 108394332.
2, 3, 307, 29423
What are the prime factors of 6392835936?
2, 3, 257, 86371
What are the prime factors of 3932414281?
4337, 906713
What are the prime factors of 418745610?
2, 3, 5, 43, 108203
What are the prime factors of 277086262?
2, 138543131
List the prime factors of 3533371282.
2, 7, 479, 10753
What are the prime factors of 2566006641?
3, 11, 8639753
List the prime factors of 357728923.
357728923
What are the prime factors of 2610413111?
2293, 1138427
What are the prime factors of 5391097014?
2, 3, 1571, 571939
What are the prime factors of 111506170?
2, 5, 53, 61, 3449
List the prime factors of 140197472.
2, 523, 8377
List the prime factors of 805738716.
2, 3, 